/(-6))/((-2)/(-15)).
8
Suppose -12 = 3*q - 27. Suppose -q*i = -l - 135, -2*i - 9*l + 77 = -14*l. Calculate the remainder when i is divided by 14.
12
Let x = -1 + 4. Suppose -3*u = -a - 22, 0 - 2 = -x*u - 4*a. Calculate the remainder when (4430/443)/((-4)/(-4)) is divided by u.
4
Suppose -112 = 7*a - 11*a. Suppose 0*j + 3*j - 66 = 0. Suppose -j = 3*y - 181. Calculate the remainder when y is divided by a.
25
Let r = -824 - -828. Let o = 11 + -6. Calculate the remainder when o is divided by r.
1
Suppose -10*j + 133342 + 74839 + 50999 = 0. Calculate the remainder when j is divided by 90.
88
Suppose 17 + 13 = 10*g. Suppose -8*v - 9*v = -g*v. Suppose 11*i - 14*i + 231 = v. Calculate the remainder when i is divided by 27.
23
Let k be ((-24)/48)/((-2)/12). Suppose 0 = 2*f + k*d - 11, -4*f - 3*d + 25 = 2*d. Calculate the remainder when 16 is divided by f.
6
Let g = 66 + -3. Suppose -22*t + g = -15*t. What is the remainder when 31 is divided by t?
4
Suppose -37812 + 1908 = -32*j. What is the remainder when j is divided by 125?
122
Let p(y) = y**2 + 181*y - 6016. What is the remainder when p(30) is divided by 99?
17
Let d = -523 - -1223. Let p = d + -661. Calculate the remainder when 71 is divided by p.
32
Let p(z) = 20*z - 835. Calculate the remainder when 171 is divided by p(45).
41
Suppose 4*u + 3*u - 1938 = -50*u. Calculate the remainder when 470 is divided by u.
28
Suppose 0 = -4*h - 0*i - 3*i + 216, 0 = 4*h + 4*i - 216. Let c = -104 - -98. Let v(w) = -8*w - 37. Calculate the remainder when h is divided by v(c).
10
Suppose 8*i = -164 + 316. Let p(v) = 0*v + 3*v + 8 - 5*v - v. What is the remainder when p(-8) is divided by i?
13
What is the remainder when 77 is divided by (-1422)/(-54) + 21 - -2*(-2)/(-6)?
29
Let m(k) = k**2 - 18. Let y = -375 + 605. Calculate the remainder when y is divided by m(6).
14
Let u be 6 + -1 + -1 - 1. Suppose 2*r + 2 = u*b - 1, -2*r + 4*b = 8. Suppose 11*j - r*j = 145. What is the remainder when j is divided by 6?
5
Suppose 0 = -36*o + 9*o + 7073 + 3538. What is the remainder when o is divided by 42?
15
Suppose -175*p + 176*p - 2*k - 2882 = 0, -16 = 2*k. Calculate the remainder when p is divided by 1425.
16
Let p(v) = v - 2. Let y be p(5). Let m be (-6)/(3/(-9)*y). Let b(g) = 2*g**2 - 9*g + 6. Calculate the remainder when 88 is divided by b(m).
16
Let h = 864 - 862. What is the remainder when -7*(20/(4/h))/(-2) is divided by 9?
8
Calculate the remainder when 2/54 + 243047/189 is divided by 6.
2
Suppose 3*t - 1377 = 5*s, 51*t - 8*s = 46*t + 2295. What is the remainder when t is divided by 151?
6
Suppose -56*l + 57*l - 95 = -2*j, 3*j + 5*l - 118 = 0. Calculate the remainder when 11167 is divided by j.
49
Let v = -14 - -18. Let u(g) = 5*g**3 - 5*g**2 - g - 7. Let q be u(v). Let m = -130 + q. What is the remainder when m is divided by 26?
21
What is the remainder when 363 is divided by (-16190)/(-90) + 4 + 105/(-27)?
3
Suppose 528 = 9*t + 393. Calculate the remainder when 3056 is divided by t.
11
Calculate the remainder when 1324 is divided by -14 + (-5 - -12) - -30.
13
Calculate the remainder when (-3 - 163)/((-44)/330) is divided by 32.
29
Let i(l) = 4*l**2 + 225*l - 146. What is the remainder when 197 is divided by i(-57)?
22
Suppose -5*x - 4*q + 16 = 0, -x - 3*x + 20 = -4*q. Suppose -1 = -f - x, 2*p + 255 = -f. Calculate the remainder when 7/(p/(-240)) + (-4)/(-6) is divided by 6.
2
Let j(x) = x**2 + 23*x + 68. Calculate the remainder when (-6)/(3 - (-396)/(-129)) is divided by j(-20).
6
Suppose 142 - 77 = 13*s. Suppose 5*o - 1704 = f, s*f + 482 = 2*o - 218. Calculate the remainder when o is divided by 11.
10
Let p(y) = -y**2 + 4*y - 5. Let o be p(-7). Let g = -5 - o. Suppose -4*c = -5*l + g, 3*l - l = -5*c + 11. What is the remainder when 24 is divided by l?
11
Let q(p) = -p**2 + 180*p - 6760. Calculate the remainder when 342 is divided by q(126).
34
Let f(h) = 12*h - 14. Let g be ((-6)/(-18))/(0 - (-1)/9). Suppose -s = -r - r + 15, g*s = -4*r + 25. Calculate the remainder when f(r) is divided by 25.
20
Suppose -5*n + f + 411 - 34 = 0, -3*n + 2*f + 236 = 0. Calculate the remainder when 2510 is divided by n.
68
Suppose 2*d - 7*d - 127 = -3*s, s - 4*d = 47. Suppose -2*x - x = -s. What is the remainder when (1 - 1) + -2 + 69 + -43 is divided by x?
11
Let x = -5615 - -6273. What is the remainder when x is divided by 17?
12
Let b = -9067 + 9317. What is the remainder when b is divided by 20?
10
Let g = 311 + -287. Suppose 8*x = -g + 56. What is the remainder when 47 is divided by x?
3
What is the remainder when 124 is divided by (-6 - (-275)/11) + 61?
44
Let x = 2852 - 2699. Calculate the remainder when x is divided by 20.
13
Let r(a) = a**3 + 9*a**2 - 7*a - 12. Suppose 341*k - 343*k + 280 = 2*p, 518 = 4*k - 3*p. Calculate the remainder when k is divided by r(-9).
32
Suppose -5*l + 54 = l. Suppose l*u + 90 = 14*u. Calculate the remainder when 71 is divided by u.
17
Let n(s) = 7*s**2 + 39*s + 1084. Calculate the remainder when n(-15) is divided by 67.
64
Suppose 0 = -2*t - 4*f + 46, -5*f + 0 = 10. Suppose 0 = 4*g + 3*l - 9 - t, 4*g = l + 20. What is the remainder when 3*10 - (-3 + 12/3) is divided by g?
5
Suppose 2*v - 97 = -5*i, i + 19 = -2*v + 88. Calculate the remainder when 895 is divided by v.
27
Calculate the remainder when -14 + (582 - 18) + 2 is divided by 21.
6
Suppose 82 = -101*l - 651 + 6490. Calculate the remainder when l is divided by 7.
1
Let a = 63 + 20. Let o(q) = -527*q + 12142. Calculate the remainder when a is divided by o(23).
20
Let y(o) = -o**3 + o**2 + o - 3. Suppose -25 = -5*j - 2*v, 33*j - 2*v + 16 = 37*j. Calculate the remainder when y(-3) is divided by j.
3
Let c(b) = 22*b + 48. Let s = -136 - -134. Let l(g) = -g - 2. What is the remainder when c(s) is divided by l(-5)?
1
Let b = -361 + 136. Let m = 256 + b. Calculate the remainder when 278 is divided by m.
30
Let k = -699 - -730. Calculate the remainder when 3098 is divided by k.
29
Suppose 5*t - 645 = 2*d, -2*t = -4*t - 4*d + 282. Let w = 200 + t. What is the remainder when w is divided by 9?
7
Suppose 0 = 31*w - 8*w - 3036. Suppose -170 = 4*i - 9*i - 5*q, -4*q = 0. What is the remainder when w is divided by i?
30
Let x(r) = -r**2 + 4*r + 92. Suppose 0 = -m - 4*o + 52, 5*m - 163 = m - o. Let y = 52 - m. Calculate the remainder when x(-7) is divided by y.
3
Let p = 37 - 2. Suppose 0 = 2*q - 5*t - 73, 5*q + 2*t = 6*q - p. What is the remainder when q is divided by 5?
4
Let a = 469 - 229. Let s = 345 - a. Suppose -l = -4*m + 3, -3*l + 8*l - 57 = -4*m. What is the remainder when s is divided by l?
6
Let x = -19 + 32. Suppose 2*k + 66 = -75*l + 79*l, 55 = 3*l + 4*k. Calculate the remainder when l is divided by x.
4
Let k be 2 + 5304/45 + 16/120. Let m = 165 - k. Suppose -27*u + m = -24*u. Calculate the remainder when 22 is divided by u.
7
Let m = -17 - -13. Suppose -3034*k - 381 = -3037*k. Calculate the remainder when k is divided by 256/10 + m/(-10).
23
Let i be ((5 - -2) + 4)*(-4)/(-2). Suppose -16*x = -i*x + 162. Calculate the remainder when x is divided by 8.
3
Suppose -46*z + 40*z = -1284. Suppose -206*y = -z*y + 152. What is the remainder when 149 is divided by y?
16
What is the remainder when 654 is divided by (-1 + 45/40)/((-2)/(-1168))?
70
Suppose -4*j - 3*f = -122, 0 = 5*j - 4*f + 9*f - 150. Calculate the remainder when j is divided by 28.
4
Suppose 13*i = 67864 - 44451. What is the remainder when i is divided by 26?
7
Let f(q) = 212*q - 2284. What is the remainder when f(31) is divided by 32?
0
Let c(t) = -53*t + 1. Let g = 16935 - 16618. Calculate the remainder when g is divided by c(-2).
103
Suppose 6*x + 7*x - 1119 - 805 = 0. Calculate the remainder when x is divided by 45.
13
Let t(u) = -2*u**2 - 34*u + 62. Let n be t(-18). Suppose -3*d = 11 - n. Calculate the remainder when 44 is divided by d.
4
Let w(t) = 4*t**2 + 87*t - 251. What is the remainder when 94 is divided by w(3)?
2
Let y be 190/(-20)*((-4)/2 + -12). Suppose y = 14*d + 5*d. What is the remainder when (-17 + 0/2)*-2 is divided by d?
6
Suppose -6*x = -5*x + i - 1181, -5*i + 4724 = 4*x. Suppose -x = -7*w + 884. Calculate the remainder when w is divided by 27.
25
Suppose -181*w + 5445 = -56*w - 92*w. What is the remainder when w is divided by 118?
47
Let w(r) = -3*r**3 - 14*r